5. Calculate c(-8).
-13
Let y = 639 + -628. Let o(p) = p**2 - 12*p + 8. Determine o(y).
-3
Let g(z) = -3*z**2 - 2. Suppose 0 = x - 1 - 4. Suppose -3*i - 74 = -5*k, 72 = 5*k + x*i - 18. Let p(u) = u**2 - 15*u - 18. Let l be p(k). Give g(l).
-14
Let v(q) be the second derivative of q**7/840 + q**6/40 - q**5/12 + q**4/24 + 8*q**3/3 + 21*q. Let p(y) be the second derivative of v(y). Calculate p(-10).
1
Let m(a) = 3*a**2 - 49*a - 26. Let u be m(17). Let z(d) = -4*d - 5. Calculate z(u).
-37
Suppose 2*t + 92 - 100 = 0. Let x(v) = 0 + t*v**2 - 4 - 3*v**2 + 5*v. Calculate x(-6).
2
Let l(o) be the third derivative of -o**3 - 10*o**2 - 1/10*o**5 + 1/120*o**6 + 0 + 0*o - 5/24*o**4. What is l(7)?
8
Let s(c) = -28*c + 3. Let h(l) = -3*l + 2. Let i(d) = 18*h(d) - 2*s(d). Give i(-14).
2
Let w = 950 + -950. Let o(l) be the third derivative of 0 + 1/6*l**3 - 1/24*l**4 - 12*l**2 + w*l. Calculate o(-4).
5
Let g = 5 + -3. Let n(p) = 49*p**2 - 34*p - 15. Let w(m) = -9*m**2 + 6*m + 3. Let d(q) = 2*n(q) + 11*w(q). Give d(g).
-5
Let o = 485 + -486. Let f(u) = -2 - 1 + 2 - 4*u + 3*u. Determine f(o).
0
Let d(i) = i**3 - 2*i**2 - i - 1. Suppose u - 55 = -4*u. Let b = u - 9. Suppose b*s = 5 + 1. Determine d(s).
5
Suppose 2 = f - 3. Let g(k) = -2*k**3 + 19*k**2 + 23*k - 3. Let u(a) = a**3 - 10*a**2 - 12*a + 1. Let s(d) = f*u(d) + 3*g(d). What is s(8)?
4
Let i(f) be the third derivative of -f**4/2 + f**3/6 + 29*f**2. Let d = 2 - -1. Let c(y) = y - 4. Let j be c(d). Calculate i(j).
13
Let z be 8/(-6) - (-2)/6. Let i(d) = 7*d + 3. Let s be (4/(-26) - (-146)/104)*-4. Let k(w) = -4*w - 1. Let u(p) = s*k(p) - 2*i(p). Determine u(z).
-7
Let j(p) = -p**2 - p + 4. Let k be j(0). Suppose 6*n = -9*n - 15. Let c(w) = w - 1. Let a(f) = 3*f - 4. Let y(d) = k*c(d) + n*a(d). Give y(-4).
-4
Suppose 4*b - n + 13 = 4*n, n = -2*b - 3. Let w(o) = 7*o + 3. Give w(b).
-11
Let x be (-30)/16 - (-6)/(-48) - -4. Let z(l) = -5*l**2 + 8 - 4*l**3 + 0*l + 3*l**3 + 5*l + 0*l**x. Give z(-6).
14
Let n(h) be the first derivative of 8 - h - 1/3*h**3 + 2*h**2. Let q = 158 - 153. Determine n(q).
-6
Let p(b) = b**2 + 3*b - 3. Let j(w) = -w**3 - 4 - 10*w + 7*w - 9*w + 8*w**2. Let u be j(6). Determine p(u).
1
Let i(p) be the third derivative of -4*p**4/3 + p**3/6 + 307*p**2. Determine i(-1).
33
Let x = -31 + 36. Suppose -6*a + 11 = x. Let v(t) = 12*t**2 - 4*t - 1. Let r(z) = 12*z**2 - 5*z - 1. Let y(h) = 5*r(h) - 6*v(h). Determine y(a).
-12
Let i(c) = 6*c - 1. Let t(s) = -s. Let q(f) = -2*i(f) - 4*t(f). Determine q(-3).
26
Let z(t) be the first derivative of 2*t**2 + 10*t + 15. Let y(m) = -m - 1. Let v(s) = -2*y(s) - z(s). Suppose 0 = -4*k + 6 - 34. Give v(k).
6
Let r = 23 - 27. Let h(f) be the first derivative of -f**5/20 - f**4/4 + 7*f**3/6 + 3*f**2 - f + 2. Let g(n) be the first derivative of h(n). What is g(r)?
-6
Let q(d) = -d**2 - 5*d + 8. Let c be ((-9)/(9/2))/1. Let o be 3/c + (-63)/14. Determine q(o).
2
Let c(f) = -12*f - 1. Suppose 5*n = 0, -2*n = 4*l - 0*n - 8. Let g be (2 + 1)/(-12)*-4. Let q be l + g + -3 - 1. Determine c(q).
11
Let f be -2 + 0 + 0 + 3. Let i(g) be the second derivative of -7*g**5/10 + g**4/12 - g**3/3 + g**2/2 + g + 33. Determine i(f).
-14
Let m(z) = 2*z**2 - 3*z + 3. Let t be m(2). Suppose t*s + 2*j = 9, 7 = 5*s - 0*s + j. Let o(p) = -2*p**2 + 1 + 13*p**3 + 3*p**3 - 3*p**3 - 8*p**3. What is o(s)?
4
Let q(m) = m**3 + 9*m**2 + 8*m + 11. Let k = 1676 - 1684. Give q(k).
11
Let j(p) be the first derivative of -p**3/3 - 7*p**2/2 + 4*p + 302. What is j(-4)?
16
Let d(g) = 3*g - 1. Suppose -3 + 0 = -h. Let a be (2 + -4)/(-2 - -1). Suppose h*p - 2 = a*b - 0*b, 3*b = 2*p - 8. What is d(b)?
-13
Let f(p) = -3*p + 1 + p**3 + 7*p**2 - 3 + 0 - 4 + 2. Suppose 3*q + 47 = -5*u, 0 = 2*u - 4*u - q - 18. Determine f(u).
17
Let m(h) be the third derivative of h**5/60 + h**4/12 - 2*h**3/3 + 6*h**2 - 4. Determine m(-6).
20
Let c be 1/(-3) + 38/6. Let l(p) = 7*p**2 - 19*p + 3. Let m(j) = 3*j**2 - 9*j + 2. Let y(i) = 2*l(i) - 5*m(i). What is y(c)?
2
Let q = 430 - 424. Let s be 9/4 + (-1)/4. Suppose o = -p - q, o - 3*p = -0*p + s. Let t(l) = l**3 + 4*l**2 - 2*l + 2. Give t(o).
10
Let a(h) = -h**3 + 14*h**2 - 13*h - 3. Let u(z) = -z**2 - 13*z + 61. Let w be u(-16). Determine a(w).
-3
Let w(j) = -j**3 - 7*j**2 + 8*j + 6. Let s be w(-8). Suppose 24 = 7*z - 3*z. Let l(t) = -t**3 - 3 + z*t**2 + 1 - 3*t - 2 + t. Calculate l(s).
-16
Suppose -h + 5 - 3 = 0. Let r = 37 - 33. Let n(b) = r + 6*b - 7*b - 4. Give n(h).
-2
Let c(o) = 4 + 3*o + 0 - 1. Suppose -5*n - 14 = a, 14 = 10*n - 13*n + 5*a. Give c(n).
-6
Let t(o) = -o**3 + 5*o**2 - 3*o + 3. Let p = 14 + -10. Let y be t(p). Let n(w) be the first derivative of -w**2/2 + 8*w - 1039. Determine n(y).
1
Let s be 1/(((-9)/105)/(-3)). Suppose -s*p + 2 = -36*p. Let r(h) = h + 0 + h**2 + h**2 + 1. Calculate r(p).
7
Let a = 41 + -46. Let k(l) = 3*l**2 + 8*l - 3. Let z(g) = -g**2. Let c(b) = b**2 - 4*b + 2. Let y(f) = c(f) + 3*z(f). Let h(m) = a*y(m) - 3*k(m). Give h(4).
-1
Let t(q) = q - 2*q - 4*q + 4*q. Let u(y) be the third derivative of -y**5/30 + y**4/8 - y**3/2 + 5*y**2. Let j(w) = t(w) + u(w). Give j(2).
-7
Suppose 5*z = -3*c - 10, 6 = -c - z + 4. Let b(m) = 6*m**2 - 24*m - 12. Let s(h) = -h**2 + 5*h. Let n(d) = -b(d) - 5*s(d). Give n(c).
12
Suppose 2*v + 5*n - 10 = 0, -4*n = 3*v + 4 - 12. Suppose -a + v - 4 = 0. Let y(i) be the second derivative of i**3/2 - 2*i**2 + 3*i. What is y(a)?
-16
Let m(t) = 2 - 6 + 2*t**2 - 15*t + 7*t + 19*t**2 - 2*t**3 - t. Calculate m(10).
6
Let x(m) = m**2 + 2 + 2*m**2 + 3*m**2 - 5*m**2 + 0*m**2 + 7*m. Determine x(-6).
-4
Let a be ((-6)/12)/(1/6). Suppose 0 = -3*q, 0*o - 2*q + 10 = 2*o. Let u(d) = o + 1 - 6*d - 3 - d**2 - 6. Determine u(a).
6
Let f = 0 + 0. Let q = 32 - 29. Let v = f - q. Let t(c) = c + 4. Calculate t(v).
1
Let h(j) = -4 + 14530*j**2 + 3*j - 14531*j**2 + j. What is h(5)?
-9
Let i(d) = -d**2 + 8*d**2 - 12*d + 0 - d**3 + 1 + 6*d. Let w = 406 + -400. What is i(w)?
1
Let g(t) = t**3 - t**2 - 6. Let a be g(2). Let m(s) = -4*s**2 - 4*s - 3. What is m(a)?
-11
Let i(n) be the second derivative of n**5/20 + 3*n**4/4 - 2*n**3 + 5*n**2/2 - 471*n. Give i(-10).
25
Suppose 8*f + 34 = 2. Let s be 4 - (3 + 2 + f). Let d(w) = w**3 - 2*w**2 - 4*w - 1. Determine d(s).
-4
Let u(d) = 2*d**2 + 48*d + 1. Let z be u(-24). Let f(v) = -v**2 - 2 + 2 - z - v - 2. Give f(-3).
-9
Let m(r) = 8 - r - 8*r - r**2 + 10*r. What is m(6)?
-22
Let a be 50/125 - 2/5 - -2. Let g(s) be the second derivative of s**3 + 0 + 3*s - 1/20*s**5 - 1/3*s**4 + 0*s**a. Determine g(-5).
-5
Suppose 0 = 7*l + 10*l - 289. Suppose 13*t - l*t + 32 = 0. Let j(z) = z**2 - 11*z + 8. Give j(t).
-16
Let g(u) = -4*u**2 + 2*u + 3. Suppose 3*n + 48*y + 11 = 49*y, 2*n = -3*y - 11. What is g(n)?
-69
Let j = 8 - 5. Suppose -i + 10 = j*b, b + 0*i + 3*i + 10 = 0. Let y(l) = 7 - 4 + l - b. Determine y(6).
4
Let y(j) = j**2 - j + 1. Let x(w) be the third derivative of w**5/20 - w**4/3 + w**3 + 12*w**2. Let k(c) = x(c) - y(c). Determine k(4).
9
Let y(k) = -50*k + 338 + k**3 + 9*k**2 - 340 + 58*k. Give y(-8).
-2
Let s(t) = -2*t**2 + 9*t - 5. Let f(d) = -d**2 + 4*d - 2. Let j(h) = -5*f(h) + 3*s(h). Calculate j(5).
5
Let f(g) be the first derivative of -g**4/4 + 10*g**3/3 + 7*g**2/2 + 13*g + 196. Calculate f(11).
-31
Let b(d) = 7*d - 4. Suppose -29 = -8*t + 3. Give b(t).
24
Let s(c) = 2*c - 5. Let v be s(5). Let w = -8 + v. Let a(j) be the first derivative of j**4/4 + j**3 - 3*j**2/2 + 3*j + 6. What is a(w)?
12
Let a(k) = k + 27. Suppose 31*h - 28*h + 33 = 0. Calculate a(h).
16
Suppose -67*o + 54*o = 0. Let s be ((-24)/(-42))/((-2)/(-7)). Let d(z) = -6 - 2 + 3*z - s*z. Calculate d(o).
-8
Let z = 38 + -34. Let c be (z - (-2)/(-2)) + -8. Let v(w) = -3*w**2 + 2*w - 2. Let d(p) = -4*p**2 + p - 2. Let y(r) = 5*d(r) - 6*v(r). Determine y(c).
-13
Let c(a) = 12 - 21 + 11 - a. Suppose d + 4 = -3*d, -37 = -5*q - 3*d. What is c(q)?
-6
Let w = 30 - 26. Suppose 3*r - 3 = -2*q, -q = 2*r - 3*r - w. Let y(f) = f**q - 5*f - 3*f**3 - 2 + 4*f + f**3. Calculate y(-2).
8
Let b(w) = -4*w + 59. Let p be b(16). Let o(r) = 2*r**2. Give o(p).
50
Let d be (-15)/6 + 9/2 + -5. Let f(t) = -15*t**2 + 4 + 2*t + 3*t + 2*t. Let o(n) = -7*n**2 + 3*n + 2. Let a(u) = 6*f(u) - 13*o(u). Calculate a(d).
-2
Let q(t) = -3*t + 6 + 3*t - 5 +